{"id":8,"date":"2017-08-04T16:55:24","date_gmt":"2017-08-04T14:55:24","guid":{"rendered":"http:\/\/www.dktweb.net\/?page_id=8"},"modified":"2024-06-26T22:44:55","modified_gmt":"2024-06-26T20:44:55","slug":"a-propos-de","status":"publish","type":"page","link":"https:\/\/www.dktweb.net\/index.php\/a-propos-de\/","title":{"rendered":"\u00c0 propos"},"content":{"rendered":"<p>Bonjour,<\/p>\n<p>J&rsquo;ai cr\u00e9\u00e9 ce blog pour mettre \u00e0 disposition quelques trucs et astuces qui me servent de m\u00e9mo et peuvent \u00eatre utiles \u00e0 tous<\/p>\n","protected":false},"excerpt":{"rendered":"<p>Bonjour, J&rsquo;ai cr\u00e9\u00e9 ce blog pour mettre \u00e0 disposition quelques trucs et astuces qui me servent de m\u00e9mo et peuvent \u00eatre utiles \u00e0 tous<\/p>\n","protected":false},"author":1,"featured_media":0,"parent":0,"menu_order":0,"comment_status":"closed","ping_status":"closed","template":"","meta":{"footnotes":""},"_links":{"self":[{"href":"https:\/\/www.dktweb.net\/index.php\/wp-json\/wp\/v2\/pages\/8"}],"collection":[{"href":"https:\/\/www.dktweb.net\/index.php\/wp-json\/wp\/v2\/pages"}],"about":[{"href":"https:\/\/www.dktweb.net\/index.php\/wp-json\/wp\/v2\/types\/page"}],"author":[{"embeddable":true,"href":"https:\/\/www.dktweb.net\/index.php\/wp-json\/wp\/v2\/users\/1"}],"replies":[{"embeddable":true,"href":"https:\/\/www.dktweb.net\/index.php\/wp-json\/wp\/v2\/comments?post=8"}],"version-history":[{"count":4,"href":"https:\/\/www.dktweb.net\/index.php\/wp-json\/wp\/v2\/pages\/8\/revisions"}],"predecessor-version":[{"id":64,"href":"https:\/\/www.dktweb.net\/index.php\/wp-json\/wp\/v2\/pages\/8\/revisions\/64"}],"wp:attachment":[{"href":"https:\/\/www.dktweb.net\/index.php\/wp-json\/wp\/v2\/media?parent=8"}],"curies":[{"name":"wp","href":"https:\/\/api.w.org\/{rel}","templated":true}]}}